{"id":101,"date":"2019-01-03T15:09:47","date_gmt":"2019-01-03T15:09:47","guid":{"rendered":"http:\/\/gaestehaus-helene.de\/?page_id=101"},"modified":"2019-08-02T10:00:02","modified_gmt":"2019-08-02T10:00:02","slug":"sommerurlaub","status":"publish","type":"page","link":"https:\/\/gaestehaus-helene.de\/?page_id=101","title":{"rendered":"Sommerurlaub"},"content":{"rendered":"\n<p><strong>Freizeitm\u00f6glichkeiten im Sommer:<\/strong><\/p>\n\n\n\n<p>-Mountainbike (versch. Touren ab unserem Haus m\u00f6glich)<\/p>\n\n\n\n<p>-Bergwandern  (versch. Touren ab unserem Haus m\u00f6glich) <\/p>\n\n\n\n<p>-Nordic Walking<\/p>\n\n\n\n<p>-Angeln (z.B. Walchensee oder Isar)<\/p>\n\n\n\n<p>-Klettertouren  (versch. Touren ab unserem Haus m\u00f6glich) <\/p>\n\n\n\n<p>-Wind- und Kitesurfen am Walchensee (einer der sch\u00f6nsten Surfspots in Deutschland)<\/p>\n\n\n\n<p>-Golfplatz (Golfplatz Karwendel in Wallgau)<\/p>\n\n\n\n<p>-Tauchen <\/p>\n\n\n\n<p><strong>Weitere Freizeitm\u00f6glichkeiten:<\/strong><\/p>\n\n\n\n<p>-Mini Golf<\/p>\n\n\n\n<p>-Kurkonzert der bekannten Musikkapelle Wallgau<\/p>\n\n\n\n<p>-Erlebnisbad bzw. Freibad<\/p>\n\n\n\n<p>-Schwimmen an kleinen u. gro\u00dfen Bergseen<\/p>\n\n\n\n<p>-Kanu bzw. Rafting<\/p>\n\n\n\n<p>und vieles mehr<br><\/p>\n","protected":false},"excerpt":{"rendered":"<p>Freizeitm\u00f6glichkeiten im Sommer: -Mountainbike (versch. Touren ab unserem Haus m\u00f6glich) -Bergwandern (versch. Touren ab unserem Haus m\u00f6glich) -Nordic Walking -Angeln (z.B. Walchensee oder Isar) -Klettertouren (versch. Touren ab unserem Haus m\u00f6glich) -Wind- und Kitesurfen am Walchensee (einer der sch\u00f6nsten Surfspots <a href=\"https:\/\/gaestehaus-helene.de\/?page_id=101\" class=\"read-more\">Weiterlesen<\/a><\/p>\n","protected":false},"author":1,"featured_media":0,"parent":0,"menu_order":0,"comment_status":"closed","ping_status":"closed","template":"","meta":{"footnotes":""},"_links":{"self":[{"href":"https:\/\/gaestehaus-helene.de\/index.php?rest_route=\/wp\/v2\/pages\/101"}],"collection":[{"href":"https:\/\/gaestehaus-helene.de\/index.php?rest_route=\/wp\/v2\/pages"}],"about":[{"href":"https:\/\/gaestehaus-helene.de\/index.php?rest_route=\/wp\/v2\/types\/page"}],"author":[{"embeddable":true,"href":"https:\/\/gaestehaus-helene.de\/index.php?rest_route=\/wp\/v2\/users\/1"}],"replies":[{"embeddable":true,"href":"https:\/\/gaestehaus-helene.de\/index.php?rest_route=%2Fwp%2Fv2%2Fcomments&post=101"}],"version-history":[{"count":5,"href":"https:\/\/gaestehaus-helene.de\/index.php?rest_route=\/wp\/v2\/pages\/101\/revisions"}],"predecessor-version":[{"id":137,"href":"https:\/\/gaestehaus-helene.de\/index.php?rest_route=\/wp\/v2\/pages\/101\/revisions\/137"}],"wp:attachment":[{"href":"https:\/\/gaestehaus-helene.de\/index.php?rest_route=%2Fwp%2Fv2%2Fmedia&parent=101"}],"curies":[{"name":"wp","href":"https:\/\/api.w.org\/{rel}","templated":true}]}}